se 2*p - 3*k = 93, 3*k - s = -2*p + p. Is p prime?
False
Let n(f) = -f**2 - 9*f + 12. Let d be n(-10). Let b(u) = d*u - 7*u**3 - 6*u - 4*u**2 - 10 + 3*u**3 + 3*u**3. Is b(-8) a prime number?
False
Let g be (28/(-8) + 3)*-6. Suppose n - 165 = 2*p, 2*n = -2*n + g*p + 665. Is n composite?
False
Let m(x) = 167*x**2 - 81*x + 431. Is m(5) a prime number?
True
Let d = 1121 + 1706. Is d a prime number?
False
Let v(u) = -u**3 + 4*u**2 + 2*u + 4. Let b(z) = -z**3 + z**2 - z - 1. Let i(y) = 2*b(y) - v(y). Let s be i(-10). Suppose 5*l - s = 121. Is l a composite number?
False
Suppose -588 - 5223 = -3*q. Is q prime?
False
Suppose -21 - 3 = -4*i. Suppose 9 = -2*m + 3*t, 2*m + i = t + t. Suppose 201 = f + 4*z, m*f + 4*z = -3*f + 603. Is f a composite number?
True
Suppose -5*j - 5*k + 50 = -0*k, -45 = -5*j - 4*k. Suppose 0 = j*o - 6*o. Suppose -4*g + 882 = -2*c - o*c, 0 = 3*g + 5*c - 694. Is g a prime number?
True
Let x be 7248/10*(-70)/(-21). Suppose 0 = -4*y, -3*w + y + x = 667. Is w a composite number?
True
Suppose 2*i - 24*b - 304 = -19*b, 4*b + 304 = 2*i. Let t be 1*-1*1 - 84. Let z = i + t. Is z prime?
True
Is (2*1)/(((-12)/(-1893))/4) composite?
True
Let y be (-39)/(-9) + 10/15. Let i be (4/(-10))/(1/y). Is (4/i + -107)*-1 prime?
True
Let y = 94 + -50. Suppose -2*i + y = -4*w, -3*i + 43 = -i - 3*w. Let j = 377 + i. Is j composite?
False
Suppose 0 = 7*n + 1910 - 187011. Is n prime?
False
Let l(p) = -p**2 - 10*p - 9. Let h(w) = -2*w**2 + 4*w - 3. Let n be h(3). Let k be l(n). Suppose k*r + 3*r = 561. Is r a composite number?
True
Let y(v) = -71*v - 3. Let g(i) = -71*i - 2. Let w(k) = -2*g(k) + 3*y(k). Let r be w(4). Let t = r - -472. Is t prime?
False
Suppose 4*k = 2*w + 9074, 2*w + 5838 = 2*k + 1298. Is k a composite number?
False
Let c(j) be the third derivative of -j**5/60 + 5*j**4/12 + j**3/6 - j**2. Let m be c(8). Let v = 94 - m. Is v a composite number?
True
Suppose 3717 + 10670 = s. Is s composite?
False
Let b(x) = x**3 + 6*x - 9. Let q be (-68)/(-16) + 1/(-4). Is b(q) a composite number?
False
Let w = -6 - -11. Let y be (3 - w)*(-1 - 1). Let r(c) = c**2 - 2*c + 6. Is r(y) a composite number?
True
Let v(z) = 2*z - 46*z - 34*z + 1. Is v(-1) a prime number?
True
Let p = -172 - -70. Is (6/51 - 108210/p)/1 a prime number?
True
Let a be (-2)/(-6) + 7612/(-66). Let r = a + 1058. Is r a composite number?
True
Let c(i) = 7*i**3 + 3*i**2 - 6*i + 2. Let f = -33 - -35. Is c(f) prime?
False
Let b(p) = 178*p + 119. Is b(24) a prime number?
True
Let x(c) = -6*c**3 - c**2 - 4*c. Let l be x(-4). Let d = l + -181. Is d a prime number?
False
Suppose 0 = -0*s - 5*s - 280. Suppose 52*q - 67*q + 1845 = 0. Let i = q + s. Is i composite?
False
Let g = 21449 - 6454. Is g composite?
True
Let r = 27 + -81. Is ((-5)/(-15))/((-3)/r) a composite number?
True
Suppose 0 = w + 2 - 4. Let p be 6 + (5 - 2 - 5). Suppose -5*z = -w*o + 231, -115 = 3*o + p*z - 450. Is o composite?
False
Suppose 244*h - 12548 = 240*h. Is h prime?
True
Suppose 19*t = 20745 - 3512. Is t composite?
False
Suppose u + 2*v + 0 = 2, 3*u - v = -1. Suppose 2*f + u*f = -3*j + 17, -5*f = -j. Suppose 103 = j*o - 192. Is o a prime number?
True
Is (11/((-264)/60))/((-1)/21202) composite?
True
Let v = 49104 - 14497. Is v a composite number?
False
Suppose 3*a + 92918 = 5*a. Suppose -q - 6*q = -a. Is q a composite number?
False
Let x be (4/12)/(2/294). Let h = 6 + -21. Let i = x + h. Is i a composite number?
True
Let u(q) be the first derivative of 4*q**3/3 - q**2 - 7*q + 17. Suppose -2*b + 30 = 5*a - 0*a, -3*a = -5*b + 13. Is u(b) composite?
False
Let h = 189 + 12. Is h composite?
True
Let n(f) = 306*f**2 + 4*f - 1. Let t be n(-3). Let w = t - 1482. Is w a prime number?
True
Let d(q) = 5*q**3 - 4*q**2 - 57*q - 7. Is d(17) composite?
False
Let d(w) = -14*w**3 + 26*w**2 + 18*w + 151. Is d(-13) a composite number?
False
Suppose 4*v + d - 95184 = 0, 5*v - d = 8*v - 71387. Is v prime?
False
Let g(j) = -2759*j - 61. Is g(-6) prime?
True
Suppose 3*a - 273 = 720. Suppose 261 = 8*q - a. Is q a prime number?
False
Let b = -5135 - -11674. Is b prime?
False
Let y(v) = 407*v**3 - v + 1. Let u(t) = -t**3 + t**2 + 8*t - 5. Let w be u(3). Is y(w) a composite number?
True
Let b(l) = 1926*l - 529. Is b(6) composite?
False
Let q(r) = 1266*r**2 + 15*r - 37. Is q(-8) prime?
False
Let u be (9/12)/((-12)/(-1248)). Let m(q) = 38*q + 3. Let y be m(-5). Let p = u - y. Is p prime?
False
Let x(g) = -168*g - 23. Let p = -113 - -110. Is x(p) a prime number?
False
Let a(p) = -p**2 - 29*p - 44. Let r be a(-10). Suppose -r + 7 = -2*z + 3*d, 145 = 2*z - 5*d. Is z a composite number?
True
Let o be 324/(-8)*-2 + 3. Let h = 79 + o. Is h composite?
False
Let i(s) = s + 6. Let x be i(-2). Suppose 2*k - 33 = -x*v + 189, -k + 3*v + 111 = 0. Is k a prime number?
False
Suppose 4*r = -5108 + 31504. Is r a prime number?
True
Let t = 89 - 73. Suppose -18*m + t*m + 5298 = 0. Is m a composite number?
True
Let v(a) = 1. Let w(k) = 44*k - 1. Let i(d) = 2*v(d) - w(d). Is i(-2) prime?
False
Let i(q) = 151*q**2 - 24*q + 252. Is i(13) composite?
True
Let y be 3/((-9)/(-4857))*1. Suppose 5*o - 8054 + y = 5*z, 3*z - 1267 = -o. Is o a prime number?
False
Suppose -4*m = b - 900, -3*m - 4575 = -5*b + 2*m. Let j = b + -515. Is j a composite number?
False
Let i(n) = -n**3 + 2*n**2 - 2*n + 1. Let f be i(1). Let u(w) = w + 49. Let y be u(f). Suppose -8 = -j - 5*m, m + y = 5*j - 69. Is j a composite number?
False
Let w = -11379 - -16160. Is w prime?
False
Suppose -v - 6336 = -5*w + 59, -2*v + 10 = 0. Suppose w = 7*t - 1653. Is t composite?
False
Suppose -3523 + 13870 = 3*o. Is o a composite number?
False
Suppose 3*y + 2*y + 3*x + 17 = 0, 2*y + 3*x + 14 = 0. Let m(d) = d**2 + 1. Let w be m(y). Suppose -140 = -6*s + w*s. Is s prime?
False
Let d be -4*3/(-7 + 1). Let i(y) = 8*y - 21*y**d - 3 + 4 + 29*y**2. Is i(-7) prime?
True
Let l(r) = 315*r**2 + 3*r + 2. Suppose 0 = 7*n + 11 + 10. Let m be l(n). Is 6/(-18) - m/(-6) a prime number?
False
Suppose -h + 12 = b - 6*b, 5*h + b - 8 = 0. Suppose 0 = -4*d + h*d + 94. Is d prime?
True
Let n(f) = 40*f**3 + 4*f**2 - 21*f + 91. Is n(5) a composite number?
True
Let t = 1316 - 612. Suppose 0 = 4*z - 124 - t. Suppose 3*g + 4*x - z = -0*g, -2*g + 5*x + 138 = 0. Is g a composite number?
True
Suppose 6*n = n - 20, -3*n = 2*d - 24540. Suppose d = c - 2*c. Is 1/(-5) + c/(-55) a prime number?
True
Let y be 0 + (3/(-1 + -2) - 4194). Is y/(-10) - (-2)/(-4) a composite number?
False
Let b(h) = 3*h - 6*h - 3 + h + 8. Let v be b(4). Let z(s) = -2*s**3 - s**2 + s - 3. Is z(v) a prime number?
False
Let j = 6939 - 3676. Is j composite?
True
Let k(l) = -l**3 - 8*l**2 - 6*l + 7. Let a be k(-7). Suppose a = 3*o - 6*o + 6. Suppose -2*s - 3*c + 722 = 0, -s + o*c = 5*c - 367. Is s a composite number?
True
Suppose -3*i + 23696 = 5*g, 0*i - g - 7896 = -i. Is i composite?
True
Let t = 3393 - 2012. Is t a composite number?
False
Suppose 3*r - 112469 = 2*f, 0 = 8*r - 12*r - f + 149944. Is r a composite number?
True
Suppose 2*c - 5*r = 402775, -12213 = c - 3*r - 213601. Is c a composite number?
True
Let g be (-3)/(-15) + (-2588)/(-10). Suppose 3*h - 5*f = g, 0 = h - 0*h - f - 85. Is h a prime number?
True
Let u(p) = -2*p - 5. Let r be u(-4). Suppose r*h + f - 2315 = 21391, 0 = -4*h + 3*f + 31595. Is h prime?
True
Let u = 459 - -278. Is u composite?
True
Let l(g) = -g**3 + 15*g**2 - 4*g - 30. Let m be l(14). Suppose m - 1447 = -7*v. Is v prime?
True
Suppose 22*l + 4*z = 17*l + 49281, 3*z = 5*l - 49253. Is l a composite number?
True
Suppose -16 = -3*t - 1. Suppose o + 16 = t*o. Suppose o*i - 8*i = -460. Is i composite?
True
Let k = 44 + -40. Is (-3970)/((-1)/1*(k - 2)) prime?
False
Suppose 0 = 5*n - 3*t - 6 + 1, 13 = -3*n + 5*t. Suppose 3571 = n*j - 833. Is j a prime number?
False
Let z(v) = 35*v**2 + 6*v - 13. Let b be z(3). Let r = b - 159. Is r a composite number?
True
Let c be (2/(-3))/(7/(-42)). Is c + -1 + 6510/15 composite?
True
Let f be ((-2)/(4 + -3))/2. Let o = 2 - f. Suppose -795 = -6*m + o*m. Is m a prime number?
False
Let n = 12379 + -8784. Is n a composite number?
True
Let k be 3/(-6)*(1 + 1). Let o be k - -15 - 42/14. Let v(y) = -y**3 + 14*y**2 + 23*y + 7. Is v(o) composite?
True
Let i(m) = -2*m**2 - 12*m + 8. Let v be i(-6). Suppose -421 + v = -w. Is w 